 is the millions digit of 43339541?
3
What is the ten thousands digit of 483697445?
9
What is the units digit of 411046323?
3
What is the billions digit of 1970498180?
1
What is the hundred millions digit of 294985895?
2
What is the tens digit of 347428373?
7
What is the millions digit of 91618698?
1
What is the ten millions digit of 88516033?
8
What is the hundreds digit of 5948152527?
5
What is the units digit of 2714736639?
9
What is the units digit of 734090143?
3
What is the thousands digit of 815322030?
2
What is the millions digit of 6647260652?
7
What is the hundreds digit of 8321848?
8
What is the hundred thousands digit of 135548580?
5
What is the hundreds digit of 761600880?
8
What is the hundred millions digit of 1024364841?
0
What is the millions digit of 411102886?
1
What is the hundreds digit of 121572559?
5
What is the units digit of 11956664?
4
What is the ten thousands digit of 1434884281?
8
What is the ten thousands digit of 321422914?
2
What is the hundreds digit of 11891390?
3
What is the hundred thousands digit of 55991924?
9
What is the ten thousands digit of 2676015?
7
What is the millions digit of 50515044?
0
What is the units digit of 815908408?
8
What is the ten millions digit of 196273746?
9
What is the hundreds digit of 18726045?
0
What is the hundreds digit of 151816988?
9
What is the tens digit of 328147899?
9
What is the ten thousands digit of 393574505?
7
What is the millions digit of 716942288?
6
What is the thousands digit of 163918292?
8
What is the ten thousands digit of 3485576378?
7
What is the millions digit of 28189046?
8
What is the ten millions digit of 614484846?
1
What is the thousands digit of 63747204?
7
What is the ten millions digit of 1290148768?
9
What is the units digit of 3093453186?
6
What is the thousands digit of 116766041?
6
What is the thousands digit of 772841497?
1
What is the thousands digit of 289598162?
8
What is the billions digit of 2436313414?
2
What is the units digit of 7330328906?
6
What is the thousands digit of 61171131?
1
What is the thousands digit of 3135397114?
7
What is the tens digit of 97929792?
9
What is the hundreds digit of 10125357?
3
What is the hundred thousands digit of 6603130383?
1
What is the ten thousands digit of 138618395?
1
What is the millions digit of 9020702?
9
What is the units digit of 5611232451?
1
What is the tens digit of 1871105865?
6
What is the millions digit of 56804113?
6
What is the ten thousands digit of 1638806269?
0
What is the thousands digit of 64560355?
0
What is the ten millions digit of 898618581?
9
What is the tens digit of 58100152?
5
What is the ten millions digit of 5813361655?
1
What is the ten millions digit of 2576875067?
7
What is the units digit of 276455700?
0
What is the ten millions digit of 54635365?
5
What is the millions digit of 91851101?
1
What is the hundred thousands digit of 647329620?
3
What is the hundred millions digit of 2518188542?
5
What is the millions digit of 45836952?
5
What is the ten thousands digit of 391350903?
5
What is the tens digit of 2188253311?
1
What is the thousands digit of 76218023?
8
What is the thousands digit of 332632689?
2
What is the millions digit of 953257658?
3
What is the units digit of 62333923?
3
What is the hundreds digit of 131177564?
5
What is the millions digit of 508631679?
8
What is the tens digit of 7283520717?
1
What is the thousands digit of 177159916?
9
What is the millions digit of 4553503?
4
What is the ten thousands digit of 612849191?
4
What is the thousands digit of 1010645761?
5
What is the hundreds digit of 28277960?
9
What is the hundred thousands digit of 285188160?
1
What is the ten thousands digit of 41104164?
0
What is the hundreds digit of 93019673?
6
What is the hundreds digit of 540153709?
7
What is the thousands digit of 201043836?
3
What is the units digit of 61061229?
9
What is the tens digit of 16637183?
8
What is the hundreds digit of 72701739?
7
What is the units digit of 439505690?
0
What is the thousands digit of 13489381?
9
What is the hundred millions digit of 672985282?
6
What is the millions digit of 1876693444?
6
What is the ten thousands digit of 1056312765?
1
What is the hundred thousands digit of 2042537777?
5
What is the millions digit of 1395766035?
5
What is the hundreds digit of 910464250?
2
What is the tens digit of 1687298587?
8
What is the millions digit of 2659792473?
9
What is the units digit of 177031569?
9
What is the units digit of 19358603?
3
What is the units digit of 878537755?
5
What is the thousands digit of 437452018?
2
What is the thousands digit of 4167364195?
4
What is the hundred millions digit of 117068626?
1
What is the tens digit of 524173867?
6
What is the hundred thousands digit of 335899762?
8
What is the units digit of 999916451?
1
What is the tens digit of 34438044?
4
What is the hundred millions digit of 128283850?
1
What is the thousands digit of 535909654?
9
What is the thousands digit of 5386548?
6
What is the tens digit of 130026295?
9
What is the hundred thousands digit of 33020912?
0
What is the hundreds digit of 1277039358?
3
What is the ten thousands digit of 869418395?
1
What is the ten millions digit of 118584513?
1
What is the units digit of 119201865?
5
What is the ten thousands digit of 347701129?
0
What is the ten thousands digit of 217762738?
6
What is the hundred thousands digit of 323872362?
8
What is the ten thousands digit of 178429931?
2
What is the billions digit of 6739344162?
6
What is the thousands digit of 746234330?
4
What is the ten thousands digit of 2584119061?
1
What is the millions digit of 35367964?
5
What is the ten millions digit of 2505093740?
0
What is the billions digit of 2686391830?
2
What is the hundred thousands digit of 3529130702?
1
What is the hundreds digit of 77735215?
2
What is the hundreds digit of 77329851?
8
What is the thousands digit of 53962413?
2
What is the units digit of 48613422?
2
What is the hundreds digit of 2964850224?
2
What is the tens digit of 124740775?
7
What is the hundred thousands digit of 113955421?
9
What is the units digit of 180552608?
8
What is the tens digit of 47699698?
9
What is the ten millions digit of 64485810?
6
What is the tens digit of 7521586441?
4
What is the millions digit of 23656434?
3
What is the hundreds digit of 201432662?
6
What is the thousands digit of 101696581?
6
What is the hundreds digit of 483399752?
7
What is the billions digit of 4768984466?
4
What is the hundred millions digit of 472079496?
4
What is the billions digit of 2332196123?
2
What is the millions digit of 331694143?
1
What is the tens digit of 5905095?
9
What is the ten millions digit of 37178958?
3
What is the ten thousands digit of 31169571?
6
What is the ten millions digit of 286207087?
8
What is the thousands digit of 1784825820?
5
What is the thousands digit of 10066288?
6
What is the ten thousands digit of 52815593?
1
What is the hundreds digit of 1011836213?
2
What is the units digit of 72954466?
6
What is the tens digit of 339017852?
5
What is the hundred thousands digit of 556150619?
1
What is the hundreds digit of 193244743?
7
What is the hundred thousands digit of 435620299?
6
What is the thousands digit of 22668819?
8
What is the thousands digit of 2774210744?
0
What is the hundred thousands digit of 242735384?
7
What is the tens digit of 465933784?
8
What is the hundred millions digit of 322268696?
3
What is the ten millions digit of 714959105?
1
What is the ten millions digit of 1832914143?
3
What is the ten millions digit of 11149013?
1
What is the hundred millions digit of 2074318906?
0
What is the millions digit of 93615136?
3
What is the units digit of 2718911339?
9
What is the units digit of 385352926?
6
What is the hundred thousands digit of 5165522898?
5
What is the hundred millions digit of 609645751?
6
What is the hundreds digit of 4129340138?
1
What is the hundreds digit of 183060065?
0
What is the ten thousands digit of 1086231047?
3
What is the units digit of 208822649?
9
What is the ten millions digit of 159157142?
5
What is the millions digit of 5095624328?
5
What is the ten millions digit of 18987727?
1
What is the thousands digit of 694657164?
7
What is the hundred millions digit of 2899246213?
8
What is the uni